late the greatest common factor of p and 4.
2
Suppose 225*u - 423021 = 114*u. What is the greatest common factor of u and 206?
103
Let z(q) = q**3 - q**2 + 7*q - 1. Let i be z(6). What is the greatest common divisor of i and 260?
13
Let m = 26 + -23. Suppose -4*b + m*j + 56 = 0, 0 = -b - j + 19 - 5. Suppose 0 = b*u - 19*u + 1350. Calculate the greatest common factor of 30 and u.
30
Let s be (-10)/4*(-13333 + -7)/5. Calculate the highest common factor of 230 and s.
230
Let f(s) = -s**3 + 9*s**2 + 11*s + 8. Let o = -16 - -26. Let m be f(o). Calculate the highest common factor of m and 42.
6
Let j(v) = v**2 - 79*v - 3347. Let r be j(-31). Calculate the greatest common divisor of 17073 and r.
63
Let i(v) = 86*v**3 - 465*v**2 - 4*v + 19. Let n be i(8). What is the greatest common divisor of 147 and n?
147
Let n = 4 - -10. Suppose 33*d - 251 = 277. Suppose t = 2*g - 12, d*g + t + 19 = 19*g. What is the greatest common divisor of g and n?
7
Let y = 143 + -77. Suppose 13*k - 3486 = 1376. What is the highest common divisor of k and y?
22
Let j = -26 - 17. Let i be 0 - j/9 - 14/(-63). Suppose 4*d = -3*m + 144, i*d + 2*m - 207 = 5*m. Calculate the highest common factor of d and 273.
39
Suppose -8*w - p = -3*w - 31325, w - 6239 = 5*p. Let q = -1615 + w. Suppose -q - 13 = -14*v. Calculate the greatest common factor of 37 and v.
37
Let x be 4/10 + 1827/45. Let w be (73 - x)/(-1 - -2 - -1). What is the highest common divisor of w and 368?
16
Let h be (-24)/8 + 15/7 - (-516)/14. Calculate the highest common divisor of 3972 and h.
12
Let q = -2025 - -2184. Calculate the greatest common factor of q and 371.
53
Let z(x) = 19*x + 119. Let b(d) = -38*d - 239. Let f(i) = -4*b(i) - 9*z(i). Let g be f(-7). Calculate the highest common divisor of g and 36.
18
Let b = 2090 + -2039. Calculate the highest common factor of b and 3264.
51
Let t(n) = -n**2 - 3*n - 11. Let h be t(-3). Let f(s) = -s - 32. Let x be f(h). Let c = x + 241. Calculate the highest common divisor of 20 and c.
20
Suppose -8*w + 49 = -143. Suppose 75*s = 73*s + 18. Suppose v = s*v - w. What is the highest common factor of 9 and v?
3
Let i = 148 - 135. Let r be (-1 - i)*38/(-4). Calculate the greatest common factor of r and 14.
7
Let x(k) = -k**3 + 0*k**3 - 19 + 15*k**2 + 4*k - 6*k**2 + 0*k**3. Let h be x(9). Let d = -268 + 455. What is the greatest common divisor of h and d?
17
Suppose 2*i = -3*c + 176, i - 172 = 28*c - 31*c. What is the highest common divisor of 1022 and c?
14
Let d be 4/6*(103 - 19). Let a = 110 - d. Let s(h) = 5*h**2 + 16*h + 2. Let p be s(-4). What is the highest common factor of p and a?
18
Let q be (0 + -1)*-17 - 3. Let h(d) = 2*d - 6 + q + d**3 + 17. Let a be h(0). What is the highest common divisor of a and 10?
5
Suppose -2*o = -2*t + 2442, 4*t - 1948 - 2931 = 3*o. What is the greatest common divisor of 19 and t?
19
Let z be 7754/6 + (-140)/15 + 8. Suppose z = 26*o + 121. What is the highest common factor of 117 and o?
9
Let s = 4243 + -4034. Calculate the highest common divisor of 44 and s.
11
Let r = -31488 - -37928. Calculate the highest common divisor of r and 2898.
322
Suppose 69*y = 74*y + 295. Let u = y + 71. Let k(n) = 7*n**2 - 2*n + 1. Let l be k(1). Calculate the highest common divisor of u and l.
6
Let g(k) = -k**2 + 14*k - 43. Let f be g(5). Suppose -f = -33*m + 31*m, 4*h - 159 = m. Let c = 16 + -8. What is the highest common divisor of c and h?
8
Let k(r) = -909*r - 2917. Let s be k(-6). Calculate the greatest common factor of 215 and s.
43
Let q be (-40)/(-260) - (2 + 193668/(-39)). Calculate the greatest common factor of 730 and q.
146
Let a = -2569 - -3322. Calculate the highest common factor of a and 3.
3
Suppose -x - 3*s + 49 = 0, -45 = 554*x - 555*x - 2*s. What is the greatest common factor of 1517 and x?
37
Let x be (-27479727)/(-18711) - 2/(-27) - 4/(-14). Calculate the highest common divisor of x and 156.
13
Let g(l) = -l + 32. Let a = -65 + 61. Let o be g(a). Calculate the greatest common factor of 9 and o.
9
Let h = 699 + -695. Suppose -h*u - 273 = -4*v + 1039, 5*v + 3*u - 1600 = 0. Calculate the highest common divisor of v and 38.
19
Let b = -1 + 3. Let n(l) = 13*l - 17. Let r be n(2). Suppose r*h - 100 = -82. Calculate the highest common divisor of h and b.
2
Let a = -6132 + 6156. Calculate the highest common divisor of a and 2648.
8
Suppose 5*z - 50 = -4*i - 10, -5 = -i. Suppose -d - z*a = -81, d + 0*a - 63 = 2*a. Suppose 36 = 5*b - d. Calculate the highest common divisor of b and 63.
21
Let c(k) = -2*k - 20. Let n be c(-13). Suppose -n*w + 84 = t - 3*w, 5*w + 116 = t. What is the greatest common factor of 112 and t?
16
Let o(k) = k + 11. Let n be o(-8). Let s be ((n - 21/6)*0)/2. Suppose 9*z - z - 144 = s. Calculate the greatest common factor of 2 and z.
2
Let d be (-8 + (-8 - 224))*(5 - 2). Let s be (28/(-10))/(3606/d - -5). What is the greatest common factor of s and 21?
21
Let x be 22/(-110) - (-2 - 2622/10). Suppose 132 = -o + x. Calculate the highest common factor of 33 and o.
33
Let b be 26/65 - 3/(-5) - 3. Let h be (b + (-1 - -1))*(-10 - -8). Calculate the greatest common factor of 8 and h.
4
Let v(i) = 12799*i**2 - 7*i + 9. Let t be v(1). Calculate the highest common factor of 51 and t.
51
Suppose 0 = -4*p - 3*s, -4*p - 16 = 5*s - 0. Suppose 0 = 5*l + 20, 2*b = -b + 5*l + 11. Let v = b - -6. What is the highest common divisor of v and p?
3
Let j = -165 + 152. Let l(c) = -c**2 - 22*c - 5. Let f be l(j). What is the highest common divisor of 21 and f?
7
Suppose 5266 = -18*u + 6562. What is the greatest common factor of u and 3576?
24
Let h(g) = 3*g + 25. Let y be h(-7). Suppose -y*b = -4 - 20. Let t be 87/b - (-4)/(-8). Calculate the highest common divisor of t and 21.
7
Let z = 2977 + -2972. What is the greatest common divisor of 2 and z?
1
Suppose 2*q - w - 2 - 4 = 0, 0 = -q + 2*w. Let y(l) = -2*l**3 + 24*l**2 + 36*l - 94. Let c be y(13). What is the highest common factor of c and q?
4
Suppose -4*n = -1055 + 35. Suppose a - 7*h - 208 = -11*h, -3*h = 5*a - 1023. What is the greatest common factor of a and n?
51
Let s(m) = 4*m**2 + 16*m - 3. Let r = -67 - -103. Let l = 30 - r. Let o be s(l). What is the greatest common divisor of 5 and o?
5
Suppose u - 63 = -58. Let q be (6/30)/((-1)/(-5)). What is the greatest common factor of u and q?
1
Let q(r) = 3*r + 681. Let g be q(-35). Calculate the highest common factor of g and 36.
36
Suppose -t = 2*n - 1140, 5*t - 13*n = -12*n + 5656. Suppose -48*b - u + 570 = -46*b, 4*b + 4*u - t = 0. What is the highest common divisor of 82 and b?
41
Suppose -17 = -3*x + i, -2*i - 1 = -2*x + 13. Let o be 26/91 - (-134)/7*x. Calculate the greatest common factor of o and 56.
8
Let s = 783 - 696. Calculate the greatest common divisor of s and 2030.
29
Suppose 319564 = 68*j - 10*j - 71066. What is the greatest common divisor of j and 15?
15
Let r = -2019 - -3072. What is the highest common divisor of r and 189?
27
Let d = 22500 - 19497. What is the highest common factor of d and 1092?
273
Let o be -16 - ((-4630 - -10) + -4). What is the greatest common divisor of o and 60?
12
Let i be ((-117)/78 + 6/2)*54. Let l(w) = w**3 - 3*w**2 + 2*w - 3. Let o be l(3). Suppose -o*g + 32 = 5. What is the greatest common divisor of i and g?
9
Suppose 0 = -5*o + 295 + 1075. Suppose -86 - o = -10*s. What is the greatest common divisor of 4 and s?
4
Let q = 20 + -12. Let s(l) = -l**3 + 2*l**2 - 81*l + 341. Let x be s(4). Let i be q/(-10)*x/6 - -22. What is the greatest common factor of 96 and i?
24
Suppose 2*h + 2*w - 2 = 0, -22 = -5*h + 3*h + 3*w. Suppose -25 = -0*n - h*n. Let x = -448 - -488. Calculate the greatest common divisor of x and n.
5
Let r be 2 - ((-60)/(-2))/5. Let p be (-14)/r*1012/161. Calculate the highest common factor of p and 55.
11
Let a(r) = 49*r - 1. Let f(b) = b**2 + 5*b + 7. Let g be f(-6). Suppose 7*d = g*d - 6. Let p be a(d). What is the greatest common divisor of p and 120?
24
Suppose 2*r - 44 + 30 = 0. Let z = 663 - 453. Suppose 6*u + 0*u - z = 0. What is the highest common divisor of r and u?
7
Let g = -107 + 192. Suppose 0*f - 4*s = f + 92, -4*s = -3*f - 244. Let c = 101 + f. Calculate the greatest common divisor of g and c.
17
Suppose -54*z + 1116 = -52*z + 2*w, -3*z + 1678 = 4*w. Let j = z + -488. C